{"id":81,"date":"2016-03-25T13:49:05","date_gmt":"2016-03-25T12:49:05","guid":{"rendered":"http:\/\/mvqlctiy.preview.infomaniak.com\/?page_id=81"},"modified":"2025-01-06T12:56:49","modified_gmt":"2025-01-06T11:56:49","slug":"chauffage-bois","status":"publish","type":"page","link":"http:\/\/bahema-multitravaux.fr\/?page_id=81","title":{"rendered":"Chauffage bois"},"content":{"rendered":"<h3><img loading=\"lazy\" decoding=\"async\" class=\"alignnone size-full wp-image-675\" src=\"http:\/\/bahema-multitravaux.fr\/wp-content\/uploads\/2025\/01\/bandeau-2025-qualibois.png\" alt=\"\" width=\"1166\" height=\"143\" srcset=\"http:\/\/bahema-multitravaux.fr\/wp-content\/uploads\/2025\/01\/bandeau-2025-qualibois.png 1166w, http:\/\/bahema-multitravaux.fr\/wp-content\/uploads\/2025\/01\/bandeau-2025-qualibois-300x37.png 300w, http:\/\/bahema-multitravaux.fr\/wp-content\/uploads\/2025\/01\/bandeau-2025-qualibois-1024x126.png 1024w, http:\/\/bahema-multitravaux.fr\/wp-content\/uploads\/2025\/01\/bandeau-2025-qualibois-768x94.png 768w\" sizes=\"auto, (max-width: 1166px) 100vw, 1166px\" \/>\u00a0 \u00a0 \u00a0 \u00a0 \u00a0 \u00a0 \u00a0 \u00a0<span style=\"font-size: 2.8rem;\">\u00a0 \u00a0 \u00a0 \u00a0 \u00a0 \u00a0 \u00a0 \u00a0 \u00a0\u00a0<\/span><\/h3>\n<h3><strong>Optez pour un chauffage \u00e9conomique, \u00e9cologique et responsable, optez pour le bois !<\/strong><\/h3>\n<p>Toutes les \u00e9nergies fossiles ont un avenir incertain et constituent une source majeure de pollution.<\/p>\n<p>Le bois, sous ses diverses formes, est une \u00e9nergie renouvelable et durable, cr\u00e9atrice d&#8217;emplois.<img loading=\"lazy\" decoding=\"async\" class=\"size-full wp-image-223 alignright\" src=\"http:\/\/bahema-multitravaux.fr\/wp-content\/uploads\/2016\/03\/images-5.jpg\" alt=\"images (5)\" width=\"275\" height=\"183\" \/><\/p>\n<p>Les granul\u00e9s de bois ont acquis aujourd&rsquo;hui une place plus que respectable dans le monde du chauffage gr\u00e2ce \u00e0 des chaudi\u00e8res performantes et fiables, gr\u00e2ce \u00e0 des po\u00eales \u00e0 granul\u00e9s efficaces et autonomes.<\/p>\n<p>Les contraintes sont le stockage (emplacement \u00e0 pr\u00e9voir) et le vidage du cendrier. Pour les po\u00eales, il faut aussi pr\u00e9voir de charger le bois\/les granul\u00e9s.<\/p>\n<p>Les avantages sont l&rsquo;utilisation d&rsquo;une ressource renouvelable et in\u00e9puisable, \u00e0 un prix stable et politiquement ind\u00e9pendant.<\/p>\n<p>Aleksei et Sasha se forment continuellement aux diverses techniques dans ce domaine pour vous garantir une installation performante et durable, avec un mat\u00e9riel techniquement au point.<\/p>\n<p>Sur le plan financier, vous b\u00e9n\u00e9ficierez du taux de TVA r\u00e9duit \u00e0 5,5%, de la prime au titre des certificats d&rsquo;\u00e9conomie d&rsquo;\u00e9nergie et selon vos revenus de MaPrimeR\u00e9nov&rsquo;; n&rsquo;h\u00e9sitez pas \u00e0 nous contacter !<\/p>\n<p style=\"text-align: left;\">Sur un plan pratique, voici les recommandantions pour une bonne utilisation de votre po\u00eale :<br \/>\n<a href=\"https:\/\/librairie.ademe.fr\/cadic\/7195\/guide-comment-bien-chauffer-bois.pdf\">Po\u00eale \u00e0 b\u00fbches<\/a>\u00a0 \u00a0 \u00a0 \u00a0<a href=\"https:\/\/librairie.ademe.fr\/cadic\/7764\/fiche-installation-utilisation-poele-granules.pdf\">Po\u00eale \u00e0 granul\u00e9s<\/a><\/p>\n","protected":false},"excerpt":{"rendered":"<p>\u00a0 \u00a0 \u00a0 \u00a0 \u00a0 \u00a0 \u00a0 \u00a0\u00a0 \u00a0 \u00a0 \u00a0 \u00a0 \u00a0 \u00a0 \u00a0 \u00a0\u00a0 Optez pour un chauffage \u00e9conomique, \u00e9cologique et responsable, optez pour le bois ! Toutes les \u00e9nergies fossiles ont un avenir incertain et constituent une source majeure de pollution. Le bois, sous ses diverses formes, est une \u00e9nergie renouvelable et &hellip;<\/p>\n","protected":false},"author":1,"featured_media":0,"parent":7,"menu_order":0,"comment_status":"closed","ping_status":"closed","template":"","meta":{"footnotes":""},"class_list":["post-81","page","type-page","status-publish","hentry"],"_links":{"self":[{"href":"http:\/\/bahema-multitravaux.fr\/index.php?rest_route=\/wp\/v2\/pages\/81","targetHints":{"allow":["GET"]}}],"collection":[{"href":"http:\/\/bahema-multitravaux.fr\/index.php?rest_route=\/wp\/v2\/pages"}],"about":[{"href":"http:\/\/bahema-multitravaux.fr\/index.php?rest_route=\/wp\/v2\/types\/page"}],"author":[{"embeddable":true,"href":"http:\/\/bahema-multitravaux.fr\/index.php?rest_route=\/wp\/v2\/users\/1"}],"replies":[{"embeddable":true,"href":"http:\/\/bahema-multitravaux.fr\/index.php?rest_route=%2Fwp%2Fv2%2Fcomments&post=81"}],"version-history":[{"count":24,"href":"http:\/\/bahema-multitravaux.fr\/index.php?rest_route=\/wp\/v2\/pages\/81\/revisions"}],"predecessor-version":[{"id":679,"href":"http:\/\/bahema-multitravaux.fr\/index.php?rest_route=\/wp\/v2\/pages\/81\/revisions\/679"}],"up":[{"embeddable":true,"href":"http:\/\/bahema-multitravaux.fr\/index.php?rest_route=\/wp\/v2\/pages\/7"}],"wp:attachment":[{"href":"http:\/\/bahema-multitravaux.fr\/index.php?rest_route=%2Fwp%2Fv2%2Fmedia&parent=81"}],"curies":[{"name":"wp","href":"https:\/\/api.w.org\/{rel}","templated":true}]}}